 tens digit of 1/(0 + -4 + 872/216)?
2
Let c(s) = -10*s + 1. Let n be c(-1). Let i = 18 - n. Suppose -v - i = -2*v. What is the units digit of v?
7
Suppose 0 = -4*m - 2*f + 526, 4*m - 551 = 2*f + f. What is the units digit of m?
4
Let v be (-1 - (-1)/(-1))*-13. Let i = 31 - 18. Let m = v - i. What is the tens digit of m?
1
Let b(n) = -4*n. Let j be b(2). Let q = j - -19. What is the tens digit of q?
1
Suppose 0 = 5*k - 2*w - 24, -w - 4 = -2*k - 3*w. Suppose 0 = 2*i - 5*r - 9 - 14, k*r + 4 = 0. Suppose -3*a + 12 = -i. What is the units digit of a?
7
Suppose -149 = 4*l + 5*y - 546, -400 = -4*l - 4*y. What is the hundreds digit of l?
1
Let v(b) be the first derivative of b**5/60 + 3*b**4/8 - 7*b**3/6 - 3*b**2/2 + 1. Let h(a) be the second derivative of v(a). What is the units digit of h(-10)?
3
Suppose -5*v + 0*v + 40 = 0. Suppose t - v = -3*w, 6 + 6 = 2*w + 2*t. What is the units digit of w/(-2) - 11/(-2)?
5
Let s(q) = -4*q - 22. What is the tens digit of s(-15)?
3
Suppose 4*b - 58 - 202 = 0. What is the units digit of b?
5
Suppose 0*k - 57 = -3*k. Let j = k + -28. Let h = j + 15. What is the units digit of h?
6
Let m(v) = v**3 - 17*v**2 + 19*v + 21. What is the tens digit of m(16)?
6
Suppose -21 = -p + 3*g, 4*p - 153 = -p + 3*g. What is the tens digit of p?
3
Let a(f) = f - 8. Let n be a(6). Let k be 30/(-1)*4/(-8). What is the units digit of (-28)/35*k/n?
6
Let r(c) = 5*c - 17. Suppose -69 = -6*f - 27. What is the tens digit of r(f)?
1
Suppose -3*o + 6*o = -39. Let a = -6 - o. What is the units digit of a?
7
Suppose 2*q + 16 = -2*q. Let g be (3*1)/((-3)/q). Suppose z + z - g = 0. What is the units digit of z?
2
Suppose 490 = 3*x + 2*x + t, 2*x = -5*t + 173. What is the tens digit of x?
9
Suppose 3*y - 94 = 4*g + g, -3*g - 15 = 0. Suppose 3*a = 1 + y. What is the units digit of a?
8
Suppose -5*u + 2*k - 5*k + 136 = 0, u + k - 26 = 0. What is the tens digit of u?
2
Let d be 1/((-2)/4)*-8. Let z = -8 + d. What is the units digit of z?
8
Let d = 42 + -28. What is the units digit of d?
4
Suppose 0 = -8*o + 2*o + 918. What is the tens digit of o?
5
What is the units digit of (0 - 23)*2/(-2)?
3
Suppose y = 3*y - 8. Suppose 0 = y*t, 0*d + 5 = d + 2*t. What is the units digit of d?
5
Let j(c) = 6*c**2 + 10*c - 11. Let g(h) = 7*h**2 + 11*h - 12. Let f(z) = -5*g(z) + 6*j(z). What is the tens digit of f(-9)?
3
Let l(k) = k**2 + k + 21. Let t(w) = -w**2 - w - 22. Let h(f) = -3*l(f) - 4*t(f). Let y be h(0). Suppose 0*z = -5*z + y. What is the units digit of z?
5
Suppose 3*l + 4*a = -4, l + a + 1 = -1. What is the tens digit of 3/6 - 78/l?
2
Suppose 7 = 2*m - 7. Let p(f) = -21*f**2 - 4*f - 7. Let r be p(m). What is the tens digit of 4/22 + r/(-77)?
1
Suppose 5*k - 6 = -4*h + 13, 4*k - 3*h = 9. Suppose -210 = -k*x - x - 5*b, -2*b = -4. What is the tens digit of x?
5
What is the units digit of (-38)/(-3) - (-6)/18?
3
Suppose -2*p + 3*p = 17. What is the units digit of p?
7
What is the hundreds digit of (157/(-5))/((-14)/70)?
1
Suppose 0 = 4*b - 4*w - 760, b - 6*b - 2*w = -964. What is the units digit of b?
2
Suppose 3*v + 33 = 2*t - 0*t, -5*v - 7 = 2*t. Let i = 1 + t. What is the tens digit of i?
1
Let c = -111 - -148. What is the tens digit of c?
3
Suppose -2*h = 3*k + 7, 4*k - 2*h - 1 = k. Let r = 2 - k. Suppose 0 = -3*g + r + 3. What is the units digit of g?
2
Suppose 2*m - 58 = -2*i, -i + 108 = 4*m + i. What is the units digit of m?
5
Let n be -7 + 9 + 5 + -1. Let t = 8 - n. What is the units digit of t?
2
Let t be 6*(8/(-3) - -3). Suppose -5*c + 38 = p, 3*c + t = 3*p + 14. What is the units digit of c?
7
Let k(v) be the second derivative of 7*v**6/720 + v**5/120 + v**4/6 - 4*v. Let h(c) be the third derivative of k(c). What is the units digit of h(2)?
5
Let l be 13/(2 - 2/2). Let x = l - 11. What is the units digit of x?
2
Suppose -l + 4*f = -30, l + 0 = -4*f + 6. Suppose 48 + l = 3*p. What is the tens digit of (3/((-3)/p))/(-2)?
1
Let y be 3 + 2*(-1 + 0). Let h = 8 + -6. What is the units digit of h + y + (-5 - -3)?
1
Let f be (-16)/(-120) + 236/30. What is the units digit of f + (-2)/3*3?
6
Let d(n) be the first derivative of n**2 - 4*n + 2. Let o be d(5). What is the units digit of (o/9)/((-6)/(-45))?
5
Suppose 0 = 3*y + 2*y - 4*h + 10, -15 = -3*h. Let l be (4/y)/((-8)/(-44)). Suppose 4*w = -l + 31. What is the units digit of w?
5
Suppose 4*o - 634 = 3*d, 5*o + 4*d = 3*o + 306. What is the units digit of o?
7
Let w = -5 - -11. What is the units digit of w?
6
Suppose -5*r = -6*r - 4*w + 142, w + 266 = 2*r. What is the hundreds digit of r?
1
Let h(a) = -a**2 + 10*a - 11. Let z be h(8). Suppose -z*l + 2*l = -r - 12, 0 = -2*r + 2*l - 4. What is the units digit of r?
3
Suppose 2*p - 100 = -5*f, 6 = p - 3*f - 22. What is the units digit of p?
0
Let r(l) be the second derivative of -l**4/12 - l**3/3 + l**2 + l. Let n be r(-4). Let h = -3 - n. What is the units digit of h?
3
Let r(t) = 7*t + 18. What is the units digit of r(7)?
7
Suppose 8 = 3*g - g. Suppose g*z = 27 + 9. What is the units digit of z?
9
Let g = 65 + 70. What is the units digit of g?
5
Let t be (6/(-4))/((-2)/(-12)). Suppose 0 = -2*l + 3*l - 15. Let z = l + t. What is the units digit of z?
6
Let c(w) = w**3 + 3*w**2 - 3*w - 2. Let m be c(-3). Let i = m - 2. Suppose -a + 17 = 4*t, -4*t - 4*a - a = -i. What is the units digit of t?
5
Let c(x) = 1 + 2*x**2 - 24*x**3 + 22*x**3 - 5*x**2. Let f(z) = -z**2 + 12*z - 13. Let t be f(11). What is the units digit of c(t)?
5
Let j(n) = -n**3 + n**2 + n + 97. What is the units digit of j(0)?
7
Let w be (-34)/(-10) + 4/(-10). Suppose 1 = -o + w*r, o + 0*r = -r - 1. Let c = 7 + o. What is the units digit of c?
6
What is the units digit of (-1 + 34)*6/9?
2
Let q(o) = 8*o**2 - 2*o + 1. Let m be ((-2)/(-4))/(1/(-8)). Let n be (-2)/6 + m/(-3). What is the units digit of q(n)?
7
Let a = -3 + 2. Let d(p) = -12*p**2 + 5*p + 4. Let z(s) = -11*s**2 + 6*s + 5. Let m(w) = -6*d(w) + 5*z(w). What is the units digit of m(a)?
8
Let y be (0 - (-1 + -3)) + -2. Suppose 3*h + 1 = 13. Suppose -20 = -y*p - 4*u, -u - 61 = -9*p + h*p. What is the tens digit of p?
1
Suppose 46 = 2*x + 4*f, 3*x - f + 6*f - 74 = 0. What is the tens digit of x?
3
Let o = 81 + -56. What is the tens digit of o?
2
Let y(g) = -g**2 + 7*g + 1. Let o be y(6). Let z be (o/(-3) + 2)*-9. Suppose 30 = -z*v + 6*v. What is the units digit of v?
0
Let o(d) = -d**3 + 5*d**2 + 5*d - 9. Let n be o(6). Let v = 30 + n. What is the units digit of v?
5
Let f be (-2)/(-3) - (-146)/6. Suppose -f = -y + 6. What is the units digit of y?
1
Let r be (12/10)/((-3)/10). Let q(u) = -4*u - 11. What is the units digit of q(r)?
5
Let a(t) = -t**3 - t**2 - t - 1. Suppose 2*j - w + 10 = 0, 0 = -w + 8 - 4. What is the units digit of a(j)?
0
Let u(y) = 3*y**2 - 9*y + 8. What is the units digit of u(5)?
8
Let z(x) = x**3 - 2*x**2 - 2*x. Let f be z(2). Let n(d) = 4 + 38*d**2 - 2*d**3 + 3*d**3 - 32*d**2 + 5*d. What is the tens digit of n(f)?
1
What is the tens digit of (14/(-4))/((-1)/4)?
1
Let s = -1 + 2. Let r be (-3 - -5) + s*-2. Suppose r = -w - 2*n + 6, 3 = w - n - 6. What is the units digit of w?
8
What is the units digit of (0 + -164)*3/(-12)?
1
Suppose -3*z = -2*z - 5. Suppose -13 - z = 3*l. What is the units digit of (-44)/l + 6/9?
8
Suppose 2*d = d. Let i be (-1 + -33)/(d - 1). Suppose 5*n + 5*j - i = 7*j, 2*j + 2 = n. What is the units digit of n?
8
Suppose -2 = y - 12. What is the units digit of y?
0
Suppose w - 115 = -5*v, 4*w - 23 = -v + w. What is the tens digit of v?
2
Let g(b) = b**3 - 3*b**2 + b + 2. Let z be g(2). Suppose z*r = 3*r - 6. Suppose -3*k - 5*y + 6 = -0, -2*k + 4 = -r*y. What is the units digit of k?
2
Let g(l) be the second derivative of -l**3/6 - l**2/2 - 2*l. What is the units digit of g(-2)?
1
Let j(r) = 5*r**2 - 21*r + 25. Let t(i) = -i**2 + 5*i - 6. Let d(g) = 2*j(g) + 9*t(g). What is the units digit of d(-6)?
4
Let r(a) = -7*a**2 + 2*a + 4. Let j(i) = -i**2 + i. Let f(s) = 5*j(s) - r(s). Let g be f(-5). Suppose -4*c + g = -13. What is the tens digit of c?
1
Suppose 0*r + r + 4*t = 142, 2*r - 275 = t. What is the tens digit of r?
3
Let y = -6 - -11. Suppose 10*a = y*a + 45. What is the units digit of a?
9
Let o(f) = 11*f**3 - f - 2. Let n be o(2). Suppose 4*q - 5*p - n = 0, 56 = 4*q + p + p. What is t